19 - 22. Let t = l - s. What are the prime factors of t?
5
What are the prime factors of ((-30)/(-12))/(2/28)?
5, 7
Suppose -274 + 94 = -5*z. What are the prime factors of z?
2, 3
What are the prime factors of (1 - (-855)/(-6))/(3/(-6))?
283
Suppose -n = 2*n. Let d(h) = -h**3 + n*h**3 + 2 + 0*h**3 - h**3 - 3*h**2. List the prime factors of d(-2).
2, 3
Let u(m) = 7*m**2 - 3*m - 13. Let k(l) = l**2 - 1. Let x(q) = -6*k(q) + u(q). List the prime factors of x(6).
11
Let v = 96 - 27. What are the prime factors of v?
3, 23
Suppose 4*m + 3*i = 412 + 88, 3*m - 3*i = 375. What are the prime factors of m?
5
Let n = 10 + -5. Suppose 4*q = 3*r + 3 + 40, -4*q - n*r = -3. What are the prime factors of q?
7
Let i be 1 - ((-6)/(-2) + -6). Suppose 4*h - 4*m + 9*m = 21, -3*m = -4*h + 13. List the prime factors of h*-1*(-10)/i.
2, 5
Let r(h) be the third derivative of -h**5/60 + 7*h**4/24 - h**3/6 - 3*h**2. List the prime factors of r(6).
5
Let t be (4 - -1)*(0 - -4). Let o = t + -9. Let a = 17 - o. What are the prime factors of a?
2, 3
Let v(k) = 15*k + 39. What are the prime factors of v(9)?
2, 3, 29
Let b be (-3)/2*(-2 - 6). Suppose 3*m - 5*m = -b. List the prime factors of ((-18)/4)/(-3)*m.
3
Let j = -44 + 184. List the prime factors of j.
2, 5, 7
Let r(z) = -z**3 - 16*z**2 - 14*z - 6. Let x be r(-15). Let i = x + 25. List the prime factors of i.
2
Let g(p) = -p**3 + p**2 - 2. Suppose -3*j = -2 - 7. Suppose 0 = j*h - 1 + 7. List the prime factors of g(h).
2, 5
Suppose 0 + 12 = -3*l. Suppose -2*d = -6*d - 8. Let i = d - l. List the prime factors of i.
2
Let d = -3 - -4. Let b be -4*-1*d/2. Let f = b - -3. List the prime factors of f.
5
Let j be 4*(-3 + 2 + 2). Suppose j*s - 4*c + 5 = s, -s + c = 0. Suppose -3*w + 3 = 2*g, 4*w = s*g - 0*g - 42. List the prime factors of g.
2, 3
Let x(k) = -k - 4. Let w be x(-5). Suppose 2*f + 0*t - 52 = 2*t, 46 = f + 4*t. List the prime factors of (w + -2)/((-3)/f).
2, 5
Let b = 21 + -21. Let f = 25 - b. List the prime factors of f.
5
Suppose -3*n - 380 = -8*n. List the prime factors of n.
2, 19
Suppose 4*n + 39 = 3*u - 8, 5*n + 1 = u. What are the prime factors of u?
3, 7
Let o = -10 + 88. What are the prime factors of o?
2, 3, 13
Suppose 9 = -a - 0. What are the prime factors of a/(2 + 57/(-24))?
2, 3
Let h be 3/3 - 6*-46. Suppose -2*t + 5*t + 69 = l, 0 = -5*l - 2*t + h. What are the prime factors of l?
3, 19
Suppose 3*m + 5 = -4, -l = 3*m + 26. Let b be -3 + l - -1 - -2. List the prime factors of (b/(-2) - 2)*2.
13
Suppose -2*j - 2*j - 8 = 0. Let r be j/(-3) - 872/(-24). Let y = r + -18. List the prime factors of y.
19
Suppose -4*u + 3*u + 21 = 0. Let a = u - 5. What are the prime factors of a?
2
Let z = -35 - -59. Let c(t) = 4*t**2 - t - 4. Let h be c(-3). Let v = h - z. What are the prime factors of v?
11
Let c(n) = 9*n - 1. Let k(l) = -8*l. Let b(i) = 3*c(i) + 4*k(i). List the prime factors of b(-6).
3
Let u(q) = -8*q. Let s(x) = x**3 + 5*x**2 + x + 4. Let p be s(-5). What are the prime factors of u(p)?
2
Suppose 2*j = 3*o + 10, 2*j + o - 2 = -0. Suppose -j - 2 = k. What are the prime factors of 3/(k/6 - -1)?
3
Let v(n) = -n**2 + 15*n - 8. Let y be v(13). Suppose 36 + y = 3*a. List the prime factors of a.
2, 3
Let j = 16 - 10. Let n = j + 10. List the prime factors of n.
2
Let a = 4 - 8. Let b(r) = r**2 + 3*r - 1. What are the prime factors of b(a)?
3
Let d = 16 + -7. What are the prime factors of d?
3
Let n = -188 - -315. List the prime factors of n.
127
Let n = -12 - -128. What are the prime factors of n?
2, 29
Let l(a) = -a**2 + 6*a + 10. Let t be l(8). Let x = t + 8. What are the prime factors of (-1 - x)/(-6)*20?
2, 5
Let n = -34 - -49. Suppose 3*o - 11 = -2*c, 5*c = o - 0*o - n. What are the prime factors of o?
5
Let r(x) = -42*x - 40. What are the prime factors of r(-5)?
2, 5, 17
Suppose 3*b = -2*z + 191, -4*z - 144 = -4*b + 144. List the prime factors of b.
67
Suppose r = -5*l + 5 + 11, -2 = -2*r. What are the prime factors of -8*(-4 + l + 0)?
2
Suppose -4*i = -16 + 84. Let v be -32 - (-3)/6*-2. Let u = i - v. List the prime factors of u.
2
Let c(h) = h**3 + 2. Let g(y) = y**2 + 6*y. Let l be g(-6). Let z be c(l). List the prime factors of 20 - (z + -3)*-3.
17
Let c = -29 - -60. List the prime factors of c.
31
Suppose 74*u - 79*u = -560. What are the prime factors of u?
2, 7
Suppose 0*r - 5*i + 12 = r, 0 = 3*r - i - 100. What are the prime factors of r?
2
Let x = 4 - 1. Let k be 11/3*(0 + x). Let a(d) = d**2 - 11*d + 11. What are the prime factors of a(k)?
11
List the prime factors of 2 - 2*-2*3.
2, 7
Let p(q) = -q**3 + q**2. Let h be p(-1). What are the prime factors of (-4)/(-8)*h*7?
7
Let j(t) = 4*t + 2. Let g be j(2). Let u = g + 26. Suppose 2*i - 22 = q - 3*q, 4*q - u = -2*i. What are the prime factors of q?
7
Let z(k) = k + 1. Let m be z(4). Suppose 6*t + 5*o = 3*t + 40, -m*t = o - 52. What are the prime factors of t?
2, 5
Let u(h) = -3*h + 2. Let l be u(6). Let k = l - -8. What are the prime factors of (6/(-4))/(6/k)?
2
Let r be -1 + 3/6*68. Let u = r + -22. List the prime factors of u.
11
Let w be 222/8 - 21/28. Let b(t) = -2*t**2 - 3*t + 3. Let s be b(2). Let m = s + w. List the prime factors of m.
2
Let t(h) = 3*h - 2. Let d be t(2). Let f(z) = 3*z - 3 - 4*z + d*z - 3. What are the prime factors of f(4)?
2, 3
Let p = 12 - 6. Suppose 4*k - p = 10. List the prime factors of k.
2
Let a(x) = x**3 - 5*x**2 + 6*x - 2. Let k be a(4). Let g be (-60)/(-18) + (-2)/k. Suppose -24 = -g*i + 12. What are the prime factors of i?
2, 3
List the prime factors of 387/(-2)*(-4)/6 - 3.
2, 3, 7
Let x(p) = p**3 + 5*p**2 + 3*p + 5. Let t(d) = d - 4. Let q be t(0). What are the prime factors of x(q)?
3
Let v(t) = t**2 - t. List the prime factors of v(-5).
2, 3, 5
Suppose -8 = -2*z - 0*z. Let l be (4/(-3))/(1/3). List the prime factors of z + l - 1*-7.
7
Let r(o) = -11*o**3 + 16*o**2 - 27*o + 7. Let g(y) = 5*y**3 - 8*y**2 + 13*y - 4. Let h(p) = 9*g(p) + 4*r(p). What are the prime factors of h(7)?
2, 3
Let r(k) be the second derivative of -k**4/24 + 2*k**3 - k**2/2 + 2*k. Let n(l) be the first derivative of r(l). List the prime factors of n(0).
2, 3
Let a(x) = 9*x - 22. Let h be a(5). Suppose -2*k + 15 = 3*k. What are the prime factors of (-1)/(-2)*(h + k)?
13
Suppose -p - 3*p - 4*t = -52, -76 = -4*p + 2*t. What are the prime factors of p?
17
Let o be ((-6)/4)/((-6)/328). Let q = o - 53. List the prime factors of q.
29
Let a(j) = -2*j - 1 - 3*j + 0*j. List the prime factors of a(-1).
2
Suppose -3*g + 0*g + 4*s + 1156 = 0, 5*g = -3*s + 1946. What are the prime factors of g?
2, 97
Suppose 15 = 5*o, d + d = 2*o + 572. List the prime factors of d.
17
Let q(l) = -l**2 + l - 8. Let m be q(0). Let w be (-68)/(-16) - 6/m. Suppose 0 = -5*g - w*k + 91 - 1, 5*g - 2*k = 69. What are the prime factors of g?
3, 5
Let p be (1 - 0)*(23 - 4). Let j = -4 + p. List the prime factors of j.
3, 5
Let j be (-1 + 4)/((-2)/30). Let m = j - -76. List the prime factors of m.
31
Let i = -68 + 91. What are the prime factors of i?
23
Let h(r) = r**3 + 5*r**2 + r - 3. Let t be h(-3). Let v = 17 - t. List the prime factors of v.
5
Let y(l) = -5*l**2 + 47*l - 9. What are the prime factors of y(9)?
3
Let w(m) = -m**3 - 2*m**2 + m + 9. List the prime factors of w(0).
3
Let u(m) be the first derivative of m**2/2 + 15*m + 3. Let r be u(-11). Suppose 4*v = -5*g + 60, r*g + 2*v = -0*g + 42. What are the prime factors of g?
2
Let z(x) = x**2 + 6*x - 3. Let f be (-4)/6 - (-132)/(-18). What are the prime factors of z(f)?
13
Let b(x) = -x - 1. Let d be b(-6). Let h = d + -3. What are the prime factors of 2/(-1) + 7 + h?
7
Suppose -u - 6 = -y - y, -3*u - 5*y = -26. Suppose -4*h - 4*b = -34 - 42, 3*h + u*b = 52. List the prime factors of h.
2, 7
Let u(j) = -5*j - 5. Let x be u(-4). Let w be (2/5)/(3/x). Suppose 14 = w*q + 2. What are the prime factors of q?
2, 3
List the prime factors of (2 + -4)*(-39)/6.
13
Suppose -5*c - 170 = -0*c. Let d = -18 - c. What are the prime factors of d?
2
Let g(l) = l**3 + 4*l**2 - l + 1. Let s be 8/(-3)*(-6)/(-4). Let a be g(s). Suppose -35 = -0*j - 5*j - a*u, -5*j - 4*u = -34. What are the prime factors of j?
2, 3
Let j(f) = 3*f**2 - 12*f + 9. Let o be j(9). Suppose -o = -7*k + 3*k + 5*t, k - 51 = 5*t. List the prime factors of k.
31
Le